{"id":468,"date":"2024-05-06T15:02:38","date_gmt":"2024-05-06T13:02:38","guid":{"rendered":"https:\/\/feuerwehr-strombach.de\/wordpress\/?page_id=468"},"modified":"2025-02-24T14:57:20","modified_gmt":"2025-02-24T13:57:20","slug":"bilder","status":"publish","type":"page","link":"https:\/\/feuerwehr-strombach.de\/wordpress\/index.php\/bilder\/","title":{"rendered":"Bilder"},"content":{"rendered":"\t\t<div data-elementor-type=\"wp-page\" data-elementor-id=\"468\" class=\"elementor elementor-468\">\n\t\t\t\t<div class=\"elementor-element elementor-element-794ba05 e-con-full e-flex e-con e-parent\" data-id=\"794ba05\" data-element_type=\"container\" data-e-type=\"container\">\n\t\t\t\t<div class=\"elementor-element elementor-element-ad508f5 elementor-widget elementor-widget-text-editor\" data-id=\"ad508f5\" data-element_type=\"widget\" data-e-type=\"widget\" data-widget_type=\"text-editor.default\">\n\t\t\t\t<div class=\"elementor-widget-container\">\n\t\t\t\t\t\t\t\t\t<p style=\"text-align: left;\"><br \/>Wir unterst\u00fctzen die<br \/>L\u00f6schgruppe Strombach-Lobscheid der<br \/>Freiwilligen Feuerwehr Gummersbach<br \/><br \/><\/p>\t\t\t\t\t\t\t\t<\/div>\n\t\t\t\t<\/div>\n\t\t\t\t<\/div>\n\t\t<div class=\"elementor-element elementor-element-ff09a19 e-flex e-con-boxed e-con e-parent\" data-id=\"ff09a19\" data-element_type=\"container\" data-e-type=\"container\">\n\t\t\t\t\t<div class=\"e-con-inner\">\n\t\t<div class=\"elementor-element elementor-element-517587c e-con-full e-flex e-con e-child\" data-id=\"517587c\" data-element_type=\"container\" data-e-type=\"container\">\n\t\t\t\t<div class=\"elementor-element elementor-element-62232dc elementor-widget elementor-widget-image\" data-id=\"62232dc\" data-element_type=\"widget\" data-e-type=\"widget\" data-widget_type=\"image.default\">\n\t\t\t\t<div class=\"elementor-widget-container\">\n\t\t\t\t\t\t\t\t\t\t\t\t<figure class=\"wp-caption\">\n\t\t\t\t\t\t\t\t\t\t<img fetchpriority=\"high\" decoding=\"async\" width=\"800\" height=\"533\" src=\"https:\/\/feuerwehr-strombach.de\/wordpress\/wp-content\/uploads\/2024\/05\/Baustelle-1-1024x682.jpg\" class=\"attachment-large size-large wp-image-422\" alt=\"\" srcset=\"https:\/\/feuerwehr-strombach.de\/wordpress\/wp-content\/uploads\/2024\/05\/Baustelle-1-1024x682.jpg 1024w, https:\/\/feuerwehr-strombach.de\/wordpress\/wp-content\/uploads\/2024\/05\/Baustelle-1-300x200.jpg 300w, https:\/\/feuerwehr-strombach.de\/wordpress\/wp-content\/uploads\/2024\/05\/Baustelle-1-768x512.jpg 768w, https:\/\/feuerwehr-strombach.de\/wordpress\/wp-content\/uploads\/2024\/05\/Baustelle-1-272x182.jpg 272w, https:\/\/feuerwehr-strombach.de\/wordpress\/wp-content\/uploads\/2024\/05\/Baustelle-1.jpg 1280w\" sizes=\"(max-width: 800px) 100vw, 800px\" \/>\t\t\t\t\t\t\t\t\t\t\t<figcaption class=\"widget-image-caption wp-caption-text\">Geschichte<\/figcaption>\n\t\t\t\t\t\t\t\t\t\t<\/figure>\n\t\t\t\t\t\t\t\t\t<\/div>\n\t\t\t\t<\/div>\n\t\t\t\t<\/div>\n\t\t<div class=\"elementor-element elementor-element-3edb1e2 e-con-full e-flex e-con e-child\" data-id=\"3edb1e2\" data-element_type=\"container\" data-e-type=\"container\">\n\t\t\t\t<div class=\"elementor-element elementor-element-33891a1 elementor-widget elementor-widget-image\" data-id=\"33891a1\" data-element_type=\"widget\" data-e-type=\"widget\" data-widget_type=\"image.default\">\n\t\t\t\t<div class=\"elementor-widget-container\">\n\t\t\t\t\t\t\t\t\t\t\t\t<figure class=\"wp-caption\">\n\t\t\t\t\t\t\t\t\t\t<img fetchpriority=\"high\" decoding=\"async\" width=\"800\" height=\"533\" src=\"https:\/\/feuerwehr-strombach.de\/wordpress\/wp-content\/uploads\/2024\/05\/Baustelle-1-1024x682.jpg\" class=\"attachment-large size-large wp-image-422\" alt=\"\" srcset=\"https:\/\/feuerwehr-strombach.de\/wordpress\/wp-content\/uploads\/2024\/05\/Baustelle-1-1024x682.jpg 1024w, https:\/\/feuerwehr-strombach.de\/wordpress\/wp-content\/uploads\/2024\/05\/Baustelle-1-300x200.jpg 300w, https:\/\/feuerwehr-strombach.de\/wordpress\/wp-content\/uploads\/2024\/05\/Baustelle-1-768x512.jpg 768w, https:\/\/feuerwehr-strombach.de\/wordpress\/wp-content\/uploads\/2024\/05\/Baustelle-1-272x182.jpg 272w, https:\/\/feuerwehr-strombach.de\/wordpress\/wp-content\/uploads\/2024\/05\/Baustelle-1.jpg 1280w\" sizes=\"(max-width: 800px) 100vw, 800px\" \/>\t\t\t\t\t\t\t\t\t\t\t<figcaption class=\"widget-image-caption wp-caption-text\">Fr\u00fchere Fahrzeuge<\/figcaption>\n\t\t\t\t\t\t\t\t\t\t<\/figure>\n\t\t\t\t\t\t\t\t\t<\/div>\n\t\t\t\t<\/div>\n\t\t\t\t<\/div>\n\t\t<div class=\"elementor-element elementor-element-0855085 e-con-full e-flex e-con e-child\" data-id=\"0855085\" data-element_type=\"container\" data-e-type=\"container\">\n\t\t\t\t<div class=\"elementor-element elementor-element-deb7725 elementor-widget elementor-widget-image\" data-id=\"deb7725\" data-element_type=\"widget\" data-e-type=\"widget\" data-widget_type=\"image.default\">\n\t\t\t\t<div class=\"elementor-widget-container\">\n\t\t\t\t\t\t\t\t\t\t\t\t<figure class=\"wp-caption\">\n\t\t\t\t\t\t\t\t\t\t<img fetchpriority=\"high\" decoding=\"async\" width=\"800\" height=\"533\" src=\"https:\/\/feuerwehr-strombach.de\/wordpress\/wp-content\/uploads\/2024\/05\/Baustelle-1-1024x682.jpg\" class=\"attachment-large size-large wp-image-422\" alt=\"\" srcset=\"https:\/\/feuerwehr-strombach.de\/wordpress\/wp-content\/uploads\/2024\/05\/Baustelle-1-1024x682.jpg 1024w, https:\/\/feuerwehr-strombach.de\/wordpress\/wp-content\/uploads\/2024\/05\/Baustelle-1-300x200.jpg 300w, https:\/\/feuerwehr-strombach.de\/wordpress\/wp-content\/uploads\/2024\/05\/Baustelle-1-768x512.jpg 768w, https:\/\/feuerwehr-strombach.de\/wordpress\/wp-content\/uploads\/2024\/05\/Baustelle-1-272x182.jpg 272w, https:\/\/feuerwehr-strombach.de\/wordpress\/wp-content\/uploads\/2024\/05\/Baustelle-1.jpg 1280w\" sizes=\"(max-width: 800px) 100vw, 800px\" \/>\t\t\t\t\t\t\t\t\t\t\t<figcaption class=\"widget-image-caption wp-caption-text\">Jubil\u00e4um 100 Jahre<\/figcaption>\n\t\t\t\t\t\t\t\t\t\t<\/figure>\n\t\t\t\t\t\t\t\t\t<\/div>\n\t\t\t\t<\/div>\n\t\t\t\t<\/div>\n\t\t<div class=\"elementor-element elementor-element-e4f9695 e-con-full e-flex e-con e-child\" data-id=\"e4f9695\" data-element_type=\"container\" data-e-type=\"container\">\n\t\t\t\t<\/div>\n\t\t<div class=\"elementor-element elementor-element-f40b0fc e-con-full e-flex e-con e-child\" data-id=\"f40b0fc\" data-element_type=\"container\" data-e-type=\"container\">\n\t\t\t\t<\/div>\n\t\t\t\t\t<\/div>\n\t\t\t\t<\/div>\n\t\t<div class=\"elementor-element elementor-element-e9cf053 e-flex e-con-boxed e-con e-parent\" data-id=\"e9cf053\" data-element_type=\"container\" data-e-type=\"container\">\n\t\t\t\t\t<div class=\"e-con-inner\">\n\t\t\t\t<div class=\"elementor-element elementor-element-b5b521a elementor-widget elementor-widget-image\" data-id=\"b5b521a\" data-element_type=\"widget\" data-e-type=\"widget\" data-widget_type=\"image.default\">\n\t\t\t\t<div class=\"elementor-widget-container\">\n\t\t\t\t\t\t\t\t\t\t\t\t\t\t\t<img fetchpriority=\"high\" decoding=\"async\" width=\"800\" height=\"533\" src=\"https:\/\/feuerwehr-strombach.de\/wordpress\/wp-content\/uploads\/2024\/05\/Baustelle-1-1024x682.jpg\" class=\"attachment-large size-large wp-image-422\" alt=\"\" srcset=\"https:\/\/feuerwehr-strombach.de\/wordpress\/wp-content\/uploads\/2024\/05\/Baustelle-1-1024x682.jpg 1024w, https:\/\/feuerwehr-strombach.de\/wordpress\/wp-content\/uploads\/2024\/05\/Baustelle-1-300x200.jpg 300w, https:\/\/feuerwehr-strombach.de\/wordpress\/wp-content\/uploads\/2024\/05\/Baustelle-1-768x512.jpg 768w, https:\/\/feuerwehr-strombach.de\/wordpress\/wp-content\/uploads\/2024\/05\/Baustelle-1-272x182.jpg 272w, https:\/\/feuerwehr-strombach.de\/wordpress\/wp-content\/uploads\/2024\/05\/Baustelle-1.jpg 1280w\" sizes=\"(max-width: 800px) 100vw, 800px\" \/>\t\t\t\t\t\t\t\t\t\t\t\t\t\t\t<\/div>\n\t\t\t\t<\/div>\n\t\t\t\t\t<\/div>\n\t\t\t\t<\/div>\n\t\t<div class=\"elementor-element elementor-element-8cda99b e-flex e-con-boxed e-con e-parent\" data-id=\"8cda99b\" data-element_type=\"container\" data-e-type=\"container\">\n\t\t\t\t\t<div class=\"e-con-inner\">\n\t\t<div class=\"elementor-element elementor-element-36e666f e-flex e-con-boxed e-con e-child\" data-id=\"36e666f\" data-element_type=\"container\" data-e-type=\"container\">\n\t\t\t\t\t<div class=\"e-con-inner\">\n\t\t\t\t\t<\/div>\n\t\t\t\t<\/div>\n\t\t\t\t\t<\/div>\n\t\t\t\t<\/div>\n\t\t\t\t<\/div>\n\t\t","protected":false},"excerpt":{"rendered":"<p>Wir unterst\u00fctzen dieL\u00f6schgruppe Strombach-Lobscheid derFreiwilligen Feuerwehr Gummersbach Geschichte Fr\u00fchere Fahrzeuge Jubil\u00e4um 100 Jahre<\/p>\n","protected":false},"author":1,"featured_media":0,"parent":0,"menu_order":0,"comment_status":"closed","ping_status":"closed","template":"elementor_header_footer","meta":{"footnotes":""},"class_list":["post-468","page","type-page","status-publish","hentry"],"_links":{"self":[{"href":"https:\/\/feuerwehr-strombach.de\/wordpress\/index.php\/wp-json\/wp\/v2\/pages\/468","targetHints":{"allow":["GET"]}}],"collection":[{"href":"https:\/\/feuerwehr-strombach.de\/wordpress\/index.php\/wp-json\/wp\/v2\/pages"}],"about":[{"href":"https:\/\/feuerwehr-strombach.de\/wordpress\/index.php\/wp-json\/wp\/v2\/types\/page"}],"author":[{"embeddable":true,"href":"https:\/\/feuerwehr-strombach.de\/wordpress\/index.php\/wp-json\/wp\/v2\/users\/1"}],"replies":[{"embeddable":true,"href":"https:\/\/feuerwehr-strombach.de\/wordpress\/index.php\/wp-json\/wp\/v2\/comments?post=468"}],"version-history":[{"count":25,"href":"https:\/\/feuerwehr-strombach.de\/wordpress\/index.php\/wp-json\/wp\/v2\/pages\/468\/revisions"}],"predecessor-version":[{"id":1568,"href":"https:\/\/feuerwehr-strombach.de\/wordpress\/index.php\/wp-json\/wp\/v2\/pages\/468\/revisions\/1568"}],"wp:attachment":[{"href":"https:\/\/feuerwehr-strombach.de\/wordpress\/index.php\/wp-json\/wp\/v2\/media?parent=468"}],"curies":[{"name":"wp","href":"https:\/\/api.w.org\/{rel}","templated":true}]}}